*t = -311 - a, -2*t = -2*l - 238. List the prime factors of (10/(-4))/(4/l).
3, 5
Let c be 3*2/(-15) - 2043/5. Let s = 1124 + c. List the prime factors of s.
5, 11, 13
Suppose 5*j + 15 = 4*j. Let n = -13 - j. Suppose -2*k - n*k - 2*l = -266, -l + 334 = 5*k. List the prime factors of k.
67
Let m(w) = 191*w**2 - 39*w - 87. List the prime factors of m(-9).
3, 5, 1049
Suppose -22*s + 9904 - 24644 = 0. Let y = s + 1303. List the prime factors of y.
3, 211
Let k = 10988 + 8643. What are the prime factors of k?
67, 293
Suppose -35 = -6*g + 7. Suppose 3*p + g = -m + 15, -3*p = -5*m + 40. Suppose -5*l - 48 = -m*l. List the prime factors of l.
2
Suppose 5*a = -2*u + 3*a + 46, u - 17 = -4*a. Suppose 7*t - u*t = -2232. List the prime factors of t.
2, 31
Suppose -320 + 76 = -2*j. Suppose 28 = 2*u + 2*u. Suppose -u*x - j = -9*x. List the prime factors of x.
61
Let i = -337 + 339. Suppose 0 = 4*w - i*z - 2080, -25 - 1538 = -3*w + 3*z. What are the prime factors of w?
3, 173
Suppose -9*h + 22047 = -11767 + 2809. List the prime factors of h.
5, 13, 53
Let v be 6/(-21) - 4496/(-7) - 2. Suppose 0 = -5*g + 25, -19*g + 21*g - v = -z. List the prime factors of z.
2, 3, 5, 7
Suppose 4*m + 44 = 4*o, 0*m = 5*m - o + 39. Let g be 6/21 + (-33)/m. Suppose 232 = g*t - t. What are the prime factors of t?
2, 29
Let s(w) = 40*w + 3. Suppose 0 = -7*i + 4*i - 9. Let z be (48/32)/(i/(-4)). List the prime factors of s(z).
83
Let t(r) = -3*r**2 - r - 8. Let z be t(4). Let h = z - -40. List the prime factors of (315/(-6))/(15/h).
2, 5, 7
What are the prime factors of 370/74 + (285*97 - -1)?
3, 13, 709
Let i(u) = 29*u**2 - 38*u - 674. List the prime factors of i(-21).
37, 349
Let z(x) = x + 7. Suppose m - 15 = 2*j, 2*j - m = 3*j. Let g be z(j). Suppose 510 = -g*o + 7*o. What are the prime factors of o?
2, 3, 17
Let l = -13956 + 20994. List the prime factors of l.
2, 3, 17, 23
Let i = 4227 + -291. What are the prime factors of i?
2, 3, 41
Let t = 5269 - 1479. What are the prime factors of t?
2, 5, 379
Suppose -d + n = 223, 0*d + 5*d + 1117 = 3*n. Let z = 383 + d. What are the prime factors of z?
3, 53
Let w(s) = s**3 + s**2 - 3*s + 3. Suppose 4 = -2*t - 3*i - 7, 0 = t + 5*i + 23. Let r be w(t). Suppose -r + 138 = 3*d. What are the prime factors of d?
43
Let y = 48434 - 29623. List the prime factors of y.
13, 1447
Let q = 40 - 38. Suppose 0 = -3*z - 15, -q*z = 3*o - 151 + 8. Suppose -5*g + 214 = -o. List the prime factors of g.
53
Let s(y) be the second derivative of -y**5/10 + y**4/3 - y**3/3 - 9*y**2/2 - 27*y. Let k be s(4). List the prime factors of (-9)/(k/102)*3.
2, 17
Let a(n) = 2833*n - 1188. List the prime factors of a(7).
103, 181
Let g(t) = -t**3 + 5*t**2 - 4*t + 12. Let i be g(4). Let f = 17 - i. What are the prime factors of 3 - (1 - f) - 3?
2
Let f(d) = 7*d**2 + 7*d + 5. Let r be f(-1). Suppose -428 = q - r*q. List the prime factors of q.
107
Let t(h) = 1778*h**3 - 4*h**2 - 5*h + 10. What are the prime factors of t(2)?
2, 3, 37
Suppose -2*u - 649 = 3*p, 1571 = -4*u + 4*p + 243. Suppose -339*g + 3*a + 929 = -344*g, 0 = 2*g + 3*a + 377. Let x = g - u. List the prime factors of x.
5, 29
Let q(t) = 11*t**2 - 70*t - 11. Let v(k) = 5*k**2 - 35*k - 7. Let j(w) = 3*q(w) - 5*v(w). List the prime factors of j(-9).
5, 193
Let o(v) = -v**2 + 3*v + 6. Let l be o(-4). Let i = 27 + l. Let j(k) = 2*k**2 + 11*k - 2. List the prime factors of j(i).
103
Suppose -y = -5*j + 105323, j + 3521 - 24600 = 5*y. What are the prime factors of j?
2, 2633
What are the prime factors of 1 + 3/12 + -188132*(-56)/128?
53, 1553
List the prime factors of (-234076)/(-24) - (61/6 + -10).
3, 3251
Let p(q) = 564*q + 10. Suppose 2*i - 5*i - f + 10 = 0, f = 2*i. List the prime factors of p(i).
2, 569
Let o = 17939 + -9074. What are the prime factors of o?
3, 5, 197
Suppose -121*c = -1435 - 1477 + 250. Let u be (-2)/(-6) - (-14)/3. Suppose -d + c = u*m, -2*d + m - 42 = -130. What are the prime factors of d?
2, 3, 7
Let a = -49 + 50. Let s be (14/(-28))/(a/(-4)). List the prime factors of ((-190)/4)/((-1)/s).
5, 19
Suppose -6 = -5*v + 4. Let f be (-19)/(-76) + v/(-4*2). Suppose 8*t + t - 900 = f. What are the prime factors of t?
2, 5
Let i = -4199 + 5995. List the prime factors of i.
2, 449
Let y be 0 + 0 + 4/1. Suppose y*g + 3*x = -g + 361, 0 = -4*g - 4*x + 292. Suppose -2*u = -g - 143. What are the prime factors of u?
107
Suppose 0 = -z + q + 21, 0*z - 5*z + 98 = 2*q. Suppose 0 = -k - 4*k + z. Suppose -k*y + 0*y = -336. What are the prime factors of y?
2, 3, 7
Let i(b) = -421*b + 359. Let r(h) = -210*h + 179. Let f(s) = -3*i(s) + 7*r(s). List the prime factors of f(-4).
2, 251
Let x(h) = 23 + 11*h - 2*h - 41*h + 6*h. List the prime factors of x(-7).
5, 41
Suppose 5*q = -2*r + 1351 + 419, r + 2*q = 884. Suppose -r = -7*v + 1248. What are the prime factors of v?
2, 19
Suppose 3*o + 11 - 8 = u, -u + 3 = -o. Suppose a = u*r - 795 - 458, 3*r - 1258 = -4*a. List the prime factors of r.
2, 11, 19
What are the prime factors of ((-9428)/7)/((-12)/462*1)?
2, 11, 2357
Suppose -8*v = -9*v - 5, 5*d = v - 10. What are the prime factors of 851 - (d - -3)/2?
23, 37
Suppose 17 = -6*r + 47. Suppose -5*v + 230 = b - 264, r*v - 4*b = 474. List the prime factors of -2*(2 - v/4).
3, 5
Let l be 10/14 + -1 + 148/28. Suppose 2 - 17 = l*v. Let r = 68 + v. List the prime factors of r.
5, 13
Let p(o) = 2*o**2 + 15*o**2 + 660 - 644 + 5*o. List the prime factors of p(5).
2, 233
Suppose -9 = -3*g - 3*j, 18 = -3*j + 6. Suppose g = b + 8. List the prime factors of -2*249/6*b.
83
Let o = 48585 + -31085. Suppose 4*k + 21*k = o. List the prime factors of k.
2, 5, 7
Let k be -2 + (-1 - -6 - 3) + -8. Let s(q) = -2*q + 16. Let r be s(k). Suppose 66 = -r*t + 33*t. What are the prime factors of t?
2, 3, 11
Let d(x) = 11*x**2 + 8*x + 30. Suppose 22*y = 18*y - 20. What are the prime factors of d(y)?
5, 53
Let t(l) = l**2 - 14*l - 29. Let c be t(16). Suppose c*g - 11 = 4. Suppose -2*a + 5*n + 77 = 0, -2*n - 150 = -g*a + 2*n. List the prime factors of a.
2, 13
Let h = -672 - -456. Let c = h - -293. What are the prime factors of c?
7, 11
Suppose 773 + 91 = -3*l. What are the prime factors of 355*(l/(-40) + -4)?
2, 71
Let a = -9141 - -16629. List the prime factors of a.
2, 3, 13
Let p be 0 + 3 - (-117)/(-1). Let t = p - -239. What are the prime factors of t?
5
Let a = 316 - 108. Suppose -12*s + a = -8*s. Suppose -9*n + 10*n - s = 0. List the prime factors of n.
2, 13
Let z(j) = -604*j - 48. List the prime factors of z(-10).
2, 7, 107
Suppose 5*i - 4*i - n = 5, -4*i + 21 = -3*n. Suppose -8*z = -5*z - i. Suppose 221 + 82 = z*c + 3*d, d + 732 = 5*c. List the prime factors of c.
3, 7
Suppose 1244 = 6*l - 1018. Suppose 5*y + l = -2*c + 3796, 15 = -5*c. Suppose -3*w + t + 4*t + y = 0, -2*t = -2*w + 462. List the prime factors of w.
5, 47
Suppose 47109 = -32*i + 1162179 - 70814. What are the prime factors of i?
32633
Suppose -33*w - 31649 = -3*p - 32*w, 42188 = 4*p - 4*w. List the prime factors of p.
3, 3517
Suppose 5*o - 36 = 19. Let j(c) be the first derivative of c**3/3 - 7*c**2/2 - 11*c + 129. What are the prime factors of j(o)?
3, 11
Let c(x) = x**2 - 4*x - 28. Let i = 22 - 17. Suppose -i*t + 63 = -m, 0 = -t + 4*m + 6 - 1. List the prime factors of c(t).
89
Suppose 10*u - 64*u = -390906. What are the prime factors of u?
3, 19, 127
Let v = -734 + 5110. Suppose 0 = 4*u - 3*q - 3505, -5*u = -3*q + q - v. What are the prime factors of u?
2, 19, 23
Let t(u) = -u - 5. Let v be t(-5). Suppose -5*i + 4 + 16 = v. Suppose 59 = -j + 2*j - i*k, -2*k = -4. List the prime factors of j.
67
List the prime factors of -1 + (18/(-4))/(-3) + (-99691477)/(-3554).
28051
Suppose -6*r - 5*r = -r. Suppose -4*q + h = -6, r = -3*q - 5*h + 23 - 7. Suppose 2*p - 89 = -x + 3*p, q*p = -6. What are the prime factors of x?
2, 43
Let m = 6353 + -3356. List the prime factors of m.
3, 37
Suppose -2*f = -4*y + 91412, 12*f = 10*f - 12. What are the prime factors of y?
2, 5, 457
Suppose 33*a - 16764 = -11*a. Let t = -93 + a. What are the prime factors of t?
2, 3
Suppose -l = -4, 4*u - 23953 = -u - 2*l. List the prime factors of u.
4789
Let d = -1756 - -2106. List the prime factors of d.
2, 5, 7
Suppose 25*q + 19627 + 20798 = 0. Let w = -940 - q. List the prime factors of w.
677
Suppose -51*l +